. Let c = 0 - -3. Calculate u(c).
-8
Let p(j) = 4*j - 1. Let n be p(8). Let u = n - 31. Let w(x) = -x - 7. Calculate w(u).
-7
Suppose 30 = 2*s - 7*s. Let a = 58 + -58. Let o(l) = 0*l + 1 + 2*l + a*l. Determine o(s).
-11
Let u(m) = -m. Let c be u(5). Let y(z) = -z - 1. Let v be y(c). Let h(l) = -l - 48 + v*l + 46 + l**2. What is h(-4)?
2
Let v(s) = -s**3 + 10*s**2 - 11*s + 13. Suppose 2 = -2*o + 2*i + 2*i, -43 = -2*o - 5*i. Suppose o*y - 7*y - 18 = 0. What is v(y)?
-5
Suppose 0 = -0*j + 4*j - 20. Let y(d) be the first derivative of -d**3/3 + 3*d**2 - 6*d - 57. Calculate y(j).
-1
Let u(o) = o**2 + 10*o - 13. Suppose -7*n + 25 = -2*p - 6*n, 3*n + 46 = -5*p. Determine u(p).
-2
Let l(f) = 894 + 894 + 3*f - 1798. Calculate l(8).
14
Suppose 0 = 3*b - 0 - 6. Let q(h) = -8*h**3 + 3*h + 0 - 3*h**b + 3 + 4*h**3 + 3*h**3. Determine q(-4).
7
Let v(c) = 732*c + 733*c - 4 - 1460*c + c**2. Suppose -4*h - 1 = -13. Suppose -w = h*w + 20. Give v(w).
-4
Let d(g) = -g**3 - 7*g**2 - g - 9. Let s(l) = l - 21. Let f be s(14). Calculate d(f).
-2
Suppose -3*p = -p - 10. Let r(i) = i + 10. Let q(b) = b + 9. Let d(z) = p*r(z) - 6*q(z). Suppose 5*s + o = -3, 5*s + 4*o + 0*o + 12 = 0. What is d(s)?
-4
Suppose -s - 6 + 2 = -2*j, 5*s + 5 = 5*j. Let g(b) = 21 + 2 - 15 - 5 - j*b. Suppose 2*i - 4*i = -4. Calculate g(i).
-3
Let z = -3 - -8. Let l(j) = j**3 - 14*j**2 + 13*j + 1. Let s be l(13). Let r(i) = -4*i + 0*i - s + i**3 + 4*i - 5*i**2. Give r(z).
-1
Let x(n) = 6*n**3 - n**3 - 2 + 7*n - 6*n**3 + 7*n**2. What is x(8)?
-10
Suppose -3*g - 5*w + 75 = -0*g, 2*w = 4*g - 74. Suppose g = 5*u - u. Let b(n) = -n + 10. Let k(o) = -o + 11. Let p(j) = 6*b(j) - 5*k(j). What is p(u)?
0
Let j(k) = -2*k - 2*k + 4250 - 4267 + 8*k - k. Give j(12).
19
Let p = -744 - -749. Let r(w) = 5*w - 17. Determine r(p).
8
Let b(h) = -h**3 - 8*h**2 - 6*h + 6. Let x = 22 - 18. Suppose 2*c = x*c + 3*w, -3*c + 11 = -w. Suppose 16 = -c*j - 5. Give b(j).
-1
Let n(s) = -s. Let o(i) = 4*i - 14. Let z be o(5). Suppose f = -z*f + 70. Let x = f - 17. What is n(x)?
7
Suppose -5*g + 7 = 4*i, -2*g + 3*g = 5*i + 13. Suppose -3 + 8 = -w + 2*h, -5*h = 5*w - 35. Let q(f) = -3*f + w*f + 0*f - 4 + f. Give q(g).
-1
Let m be 3/12 + 25/(-4). Let f = m + 9. Suppose -g = -f*a + 2, 0*g + g + a - 10 = 0. Let p(t) = t**3 - 7*t**2 + 2*t - 6. Calculate p(g).
8
Let q(w) be the third derivative of -w**6/40 + w**5/20 - w**4/24 - w**3/3 - w**2. Suppose -9*k + 74 = -79. Suppose 0 = 4*t + k - 25. Give q(t).
-16
Let t(r) = -3*r + 6. Let d be t(4). Let c(l) = -l**2 - 10*l - 6. What is c(d)?
18
Let o(f) = -9*f**2 + 5*f + 4. Let r(z) be the first derivative of 4*z**3/3 - z**2 - 2*z + 8. Let l(u) = 3*o(u) + 7*r(u). Determine l(-2).
0
Let j(r) = r**2 - 6*r - 4. Let w = -9 - -13. Suppose 0 = -w*a - h + 17, -2*h = 6. Suppose 4*k = -a*b + 5, -5 = 5*k - 5*b - 45. Determine j(k).
-9
Suppose 3*q - 10 = -0*q - i, 4*i = -2*q + 10. Let r(k) = -13*k - 19. Let t(h) = 17*h + 25. Let p(l) = 4*r(l) + 3*t(l). Determine p(q).
-4
Let n(o) = o**3 - 4*o**2 - 4*o - 5. Suppose 45 = -27*d + 36*d. Calculate n(d).
0
Let u(c) = -c**2 - 4*c + 1. Let l = -13 - -14. Suppose 0 = -4*w - 5*t - l, t + 6 - 1 = -2*w. Determine u(w).
1
Let c(i) = -11*i**2 + 3*i + 12. Let t(s) = 2*s**2 - 1. Let f(m) = -c(m) - 5*t(m). Let r = 24 - 14. Suppose 6*b - r = -h + b, 3*h + b - 16 = 0. Determine f(h).
3
Suppose 5*j - 5 - 15 = 0. Suppose -3*y - 68 = -j*y. Let n(u) = -y + u + 68. Give n(-4).
-4
Let v(g) = -93 - 2*g - 114 + g + 186. Determine v(-17).
-4
Let p(j) = -43*j**2 - 3*j + 3*j + 1 - j + 44*j**2 + 4. Let g = 4 + -4. Suppose -v - 2 = 2*s, -4*v + 6*v + 4 = g. What is p(s)?
5
Let q(s) = -4*s + 0 - 2 + 0 + 2*s. Let j be 3*(-4 + 20/3). Suppose -x + 5 - j = 0. Give q(x).
4
Suppose -3*g = -3*i - 9, 4*g = -5*i + 32 - 2. Let a(s) = 1 + s - g*s + 2*s + 3. Let z be a(2). Let y(j) = -j + 9. Determine y(z).
9
Let q(x) = x - 2. Let w(d) = d + 1. Let v(g) = 5*g + 9. Let j(f) = v(f) - 6*w(f). Let i(t) = 2*j(t) + 3*q(t). What is i(1)?
1
Let x(j) = -16*j + 16. Let a(z) = -3*z + 3. Let v(s) = -11*a(s) + 2*x(s). Let c(l) = l**2 - 2*l - 3. Let u be c(3). What is v(u)?
-1
Let w = -10 - -7. Let l(t) be the third derivative of t**5/120 + t**4/6 + t**3/2 + 7*t**2. Let f(u) be the first derivative of l(u). Calculate f(w).
1
Suppose -5*a + q + 195 = 70, a = -2*q + 14. Let z = a + -4. Suppose -d = -6*d - z. Let n(w) = -w**3 - 3*w**2 + 5*w + 6. What is n(d)?
2
Let q(r) = 3*r. Suppose -5*k + g = -13 + 7, -4*k - 12 = -5*g. Give q(k).
6
Let g(j) = -j**2 + 10*j**2 + 5*j + 5 - 9*j - 2*j**3 - 4*j + j**3. Calculate g(8).
5
Let o(r) = 0*r + 189*r**3 - 188*r**3 - r + 3*r - 5 + 6*r**2 - 4. What is o(-5)?
6
Let m(n) = 6992*n**2 + n - 3498*n**2 - 6 + 19 - 3495*n**2. Give m(-4).
-7
Let w(b) = -b - 3. Let c(h) = -1. Let y(t) = 4*c(t) - w(t). Suppose 0 = -3*f - 2*k + 6, k + 9 + 6 = 3*f. Suppose -n = f*n. Give y(n).
-1
Let o(w) = -1. Let m be (2/(-6))/(4/(-12)). Let u be m/(-1)*(-1 - -2). Let c(s) = 7*s**2 - s - 4. Let a(t) = u*c(t) + 3*o(t). Give a(-1).
-7
Suppose 24 = 7*v + v. Let z(i) = -2 - 3*i + 2*i - 2*i**2 + i**2 + v. Determine z(2).
-5
Let h(i) = -3 - 4*i - i - 1 - i**2 + 2. Let g be -1*12 - 6/(-2). Let f(s) = -s**3 - 8*s**2 + 9*s - 5. Let t be f(g). What is h(t)?
-2
Let i(f) = -f**3 - 3*f**2 - 5*f - 3. Let o = 323 + -326. Determine i(o).
12
Let n = -17 - -9. Let w(p) be the third derivative of p**5/60 + 7*p**4/24 - 5*p**3/6 - 57*p**2. Determine w(n).
3
Let k(d) = -3*d**2 + 11*d - 2. Let x(s) = s**2 - s - 1. Let z(i) = k(i) + 2*x(i). Give z(8).
4
Suppose 0 = 61*o + 42 + 19. Let a(x) = -30*x**3 - x**2 + 1. Calculate a(o).
30
Suppose -5*b = 4*k + 135, 2*b + 37 = k - 6*k. Let o = b + 37. Let d(n) = 1 + 4*n**2 + 10*n - 8 - 5*n**2 - 4*n. Calculate d(o).
-7
Let c(g) be the first derivative of -1 - g - 3/2*g**4 - 1/2*g**2 + 1/3*g**3. Determine c(-1).
7
Let b(d) = d + 8. Let s(t) = t - 5 + 0 + 5. Let n be s(-10). Let r(m) = -m**2 - 8*m + 14. Let q be r(n). Calculate b(q).
2
Let l = 462 + -454. Let s(a) = 7*a - 64. What is s(l)?
-8
Let n(y) = 2*y - 1. Let o = 56 + -58. Calculate n(o).
-5
Let x(h) = h**2 + 6*h + 8. Let o(j) = -j**2 + 6*j - 14. Let k be o(4). Give x(k).
8
Let q(g) = 24 - 402*g - 399*g + 798*g. Determine q(10).
-6
Let n(l) = 3*l**2 - 124*l + 41. Let m be n(41). Let v(x) = -2*x**2 - 3. Give v(m).
-3
Let f(k) = 1 + 1206*k - 601*k - 602*k. Let j = -20 + 15. What is f(j)?
-14
Let o(v) = -v + 26*v**2 - 24*v**2 - 346 + 337. Give o(3).
6
Suppose -17*t = -7*t - 110. Let a(j) = -j + 21. Determine a(t).
10
Let a be -2*-3*5/(-6). Let n(h) = -3*h**2 - 7*h - 2. Let i be n(a). Let f be (-12)/i + (-80)/(-14). Let u(c) = c**2 - 5*c - 8. Calculate u(f).
-2
Let d be 1 - (-14)/(-8)*4. Let s be (-9)/((-27)/d)*-1. Let z(k) = -4 + 0 + 2*k**2 - 3*k**2 + 2*k**2 - s*k. Calculate z(4).
4
Suppose 45 = -2*i + 5*q + 82, 5*q + 43 = 3*i. Let z be (-3)/(-9) - 4/(-6). Let p(v) = -v**2 + 2 + 9*v + z - 4*v. What is p(i)?
-3
Let g(c) be the second derivative of -c**4/12 - 7*c**3/6 + 5*c**2/2 - c. Let o(y) = -y**2 - 9*y - 25. Let i be o(-3). Calculate g(i).
5
Let l(w) = 95 + w + w**3 - 2*w**3 - 94. What is l(2)?
-5
Let d = 3 + -1. Suppose 6*n - 8*n + d = 0. Let h(y) be the first derivative of y**4 - y**2 + y - 4. Give h(n).
3
Let n(p) = p + 1. Let q(v) = -v**3 + 4*v**2 + 4*v - 9. Let t(s) = -4*n(s) - q(s). Calculate t(5).
-10
Let y be (2/(-1))/((-87)/(-609)). Let c(t) = 3*t**2 + 41*t - 10. What is c(y)?
4
Let a(n) = n**3 + 5*n - 2*n - 2*n + 2*n**3 - 2*n**2 + 3 - 5*n**3. Give a(-2).
9
Suppose 0 = 5*w - 0*w - j - 1, -4*w = -4*j + 12. Let a(q) = w + 8*q + 2*q + 3*q**2 - 8*q - 2*q**2. What is a(3)?
16
Let o(v) = v**2 - 5*v + 1. Let w be o(4). Let m(z) = -3*z + 17. Let i(a) = 2*a - 9. Let s(d) = 5*i(d) + 3*m(d). What is s(w)?
3
Let n(c) = 48*c + 43*c - 130*c + 46*c + 3. Calculate n(-5).
-32
Let s(a) = -a**2 - 3*a - 1. Let q be (-6)/(-1) + 2 + -5. Let d(j) = j**3 - 5*j**2 + 5*j - 4. Let m be d(q). Let i(w) = w + 4. Let n be i(m). Calculate s(n).
-1
Suppose -8*d - 4*d - 24 = 0. Let w(m) = -14*m**3 - 17*m**2 + 2*m + 5. Let s(o) = -5*o**3 - 6*o**2 + o + 2. Let k(u) = 8*s(u) - 3*w(u). What is k(d)?
-7
Let v(g) = g**2 + 3*g + 4. Suppose b = -a - 4 - 3, 7 = 4*a - 3*b. Let q be (0/(4 - 0))/a. Suppose -m - 4 + q = 0. Calculate v(m).
8
Let j(d) = -2*d - 3. Suppose